-3*h(n) - 4*p(n). Give j(7).
-5
Let r(f) = -f**3 - 6*f**2 - 5*f - 4. Let d(p) = -1. Suppose 0*u + 1 = u. Let c(b) = u*r(b) - 5*d(b). Determine c(-5).
1
Let o(b) be the second derivative of b**5/30 + b**4/24 - 7*b**3/2 + 4*b. Let q(u) be the second derivative of o(u). Calculate q(-5).
-19
Let a be (38 - 38)*(-3)/(-9). Let b(i) = 5*i**2 - 9*i + 48. Let u(l) = l**2 - 2*l + 12. Let y(s) = 2*b(s) - 9*u(s). Give y(a).
-12
Let c(v) = v**2 - v. Let g(d) = -2*d**2 + 13*d + 7. Let r(k) = -3*c(k) - g(k). Let u be r(-8). Let q = 10 - u. Let l(a) = -5*a - 1. Calculate l(q).
-6
Let l(w) = -w**2 + 7*w - 3. Suppose -133*t - 10 = -135*t. Calculate l(t).
7
Let j(r) = r - 2. Suppose -27*q = -31*q - 16. Let s be (q/((-4)/(-5)))/((-1)/2). Calculate j(s).
8
Let q(h) = h. Let p(j) = 11*j - 5. Let o(w) = p(w) + 3*q(w). Let i(y) = -13*y + 4. Let c(b) = 4*i(b) + 3*o(b). Give c(-1).
11
Let p be 21/15 + 18/30. Let v(m) = -2 - 16*m**2 + 14*m**2 - m**p + 4*m. What is v(2)?
-6
Let w(x) = -3*x - 9. Let k(q) = -12*q - 35. Let p(y) = 2*k(y) - 9*w(y). Determine p(-8).
-13
Suppose 317 = 3*n - 436. Let j(c) = 3 + 251*c - c**2 - 2 - n*c. Calculate j(-2).
-3
Let m(g) = -g**2 + 9*g - 4. Let q = -47 - -32. Let s = 21 + q. Calculate m(s).
14
Let m(j) be the third derivative of j**5/60 - 3*j**4/8 - 5*j**3/6 - 56*j**2. What is m(10)?
5
Let b = -49 + 55. Let n(j) = 3*j + 5 + 0*j - 2*j - 3*j. Give n(b).
-7
Let w(s) = 26*s + 81. Let g be w(-3). Let l(q) = -2*q**3 + 4*q**2 + q. Give l(g).
-15
Let o(x) = -x. Suppose 0 = 2*i + 5*p + 5, 4*p - 4 = 0. Let c(r) = 6*r - 19. Let h(n) = i*o(n) - c(n). Let w be h(13). Let y(v) = v**2 - 5*v - 7. What is y(w)?
-1
Let k(z) = z**2 + 6*z + 3. Let t(w) = 2*w**2 + 10*w + 4. Let s(n) = -3*k(n) + 2*t(n). What is s(-4)?
7
Let x be (-5)/(-10)*(26 + 4). Let b(v) = 2*v**2 - x - v**3 - v + 7*v**2 - 8*v**2. Calculate b(0).
-15
Let h = 1 - 2. Let b = 0 + h. Let s(f) = 16*f**3 - 8*f**2 + 5*f + 21. Let j(a) = -33*a**3 + 18*a**2 - 12*a - 49. Let t(g) = 3*j(g) + 7*s(g). Give t(b).
-14
Let r(s) = -4 + 0*s + 3*s - 8*s. Let q be r(-2). Let d(w) = -w**3 + 6*w**2 - 4*w + 9. Give d(q).
-15
Let q(j) = -3*j**3 - 3*j**2 - 3*j + 7. Let f(a) = 2*a**3 + a**2 + 2*a - 4. Let t(l) = 5*f(l) + 3*q(l). Give t(2).
-5
Suppose 3*c + 7 = -4*k, 5*c + k = 5*k + 31. Let b(p) = 1 - 6*p + p**3 + c - 7 - 3*p**2 + 7. Calculate b(4).
-4
Let f(x) = x**2 + 29*x + 9. Let n(p) = -p**2 - 33*p - 9. Let t(k) = -6*f(k) - 5*n(k). Let c = -5 - 1. Give t(c).
9
Let k(v) be the second derivative of -v**5/20 - 5*v**4/4 - 2*v**3 + 10*v**2 - 66*v. What is k(-14)?
-8
Let a(w) be the third derivative of w**6/120 + 7*w**5/30 + 7*w**4/24 - 2*w**3 - 11*w**2 - 9*w. Determine a(-13).
66
Let f(d) = d**2 + 6*d + 6. Suppose 28 + 20 = 4*i. Let a = i + -4. Let q be 4/a + 11/(-2). Calculate f(q).
1
Let n(d) = 2*d + 7. Let i be ((-36)/(-60))/(3/(-30)). Calculate n(i).
-5
Let y(h) = 2*h**3 + 5*h**2 + 10*h - 8. Let u(f) = -f**3 - 5*f**2 - 9*f + 8. Let x(c) = 3*u(c) + 2*y(c). Let q = 225 - 219. Determine x(q).
2
Let a = 10 + -10. Let p be 2/(-2)*(a + -1). Let j(q) be the second derivative of -q**4/3 + q**2/2 + 5*q. Determine j(p).
-3
Let u = 369 + -369. Let s(l) be the second derivative of -1/12*l**4 + 7/6*l**3 + u + 0*l**2 + 5*l. What is s(6)?
6
Let h(j) = j - 10. Suppose -s = -5*y + 12, 270*y = 2*s + 268*y. Determine h(s).
-7
Suppose -2*r = 0, -4*h = -0*h - 5*r - 36. Suppose v + h = 14. Let a(x) = x + x - 3*x. Calculate a(v).
-5
Let p(w) = 4*w**2 - 6*w + 5. Let l(v) = -9*v**2 + 13*v - 11. Let g(b) = -6*l(b) - 13*p(b). What is g(-1)?
3
Let l be ((-9)/2)/((-11)/(-110)). Let x be (l/(-2))/((-6)/(-8)). Suppose 7*h = 2*h - x. Let k(z) = z**3 + 7*z**2 + 5*z - 1. Calculate k(h).
5
Let r(l) be the first derivative of -l**4/4 - 4*l**3 + 13*l**2/2 + 5*l + 315. What is r(-13)?
5
Let h(g) = 93 - 50 + 2*g - 56. Give h(9).
5
Let w(y) = -56*y**2 - 3*y - 7. Let t(q) = -29*q**2 - 2*q - 4. Let v(s) = -5*t(s) + 3*w(s). What is v(1)?
-23
Let j = 74 + -81. Let d(b) = -b**2 - b + 1. Let l(w) = 10*w + 3*w**2 + 0*w**2 + 3*w**2 - 2*w**2 + 2. Let i(o) = 3*d(o) + l(o). Determine i(j).
5
Let d(f) = -2*f - 3. Let t(k) = -5*k**3 - 37*k**2 + 41*k - 56. Let w(y) = y**3 + 9*y**2 - 10*y + 14. Let z(v) = -2*t(v) - 9*w(v). Let p be z(6). What is d(p)?
1
Let w(o) be the third derivative of o**4/24 - o**3/2 + 7*o**2. Let k be w(0). Let i(f) = 2*f - 1. Determine i(k).
-7
Let r = -52 + 56. Suppose -r*p - 9 = 3. Let a(u) = u + 5. Give a(p).
2
Suppose -10 = -4*m - m. Suppose -6*k = -m*k + a + 1, -4*a = 5*k - 7. Let c(j) be the first derivative of 5*j**2/2 - j - 2471. What is c(k)?
-6
Let n(q) = -4*q - 26. Let b(m) = -19*m - 103. Let s(z) = 2*b(z) - 9*n(z). Determine s(16).
-4
Let x(g) = -94*g - 33 + 194*g - 104*g. Calculate x(-10).
7
Let j(u) = -62 + 69 + 3*u - u. Let f(p) = -3*p - 18. Let n be f(-8). Suppose 3*a = -2*z - n - 13, 3*z + 18 = -a. Determine j(z).
-3
Suppose -19*v = 45*v - 101*v. Let p(d) = -d + 3 - 3 + 8. What is p(v)?
8
Let r be (-1)/((-21)/(-96)) + 33/(-77). Let i(p) = p + 10. Determine i(r).
5
Let z(t) = -2 - 1 + 5*t - 1 - t**2. Suppose 0 = -10*x + 143 + 67. Suppose 0 = -y + 8*y - x. What is z(y)?
2
Suppose 2*a = -5*s + 53, 1 = a - 2*a. Let x(y) = -72*y**2 - s - 74*y**2 + 155*y**2 + y**3 + 5*y. Give x(-8).
13
Let o = 35 + 41. Let f = o + -52. Suppose -n + 4*n + f = 0. Let a(d) = d**2 + 9*d + 8. Determine a(n).
0
Let s = 32 + -30. Let b(d) = -3*d + 5*d**s + d - 5*d**2 + 1 + d**2. Let v = 4 - 3. Give b(v).
0
Let n = 19 - 11. Let u(w) = w**2 - 11*w + 31. Let i be u(8). Let x(o) = -o**2 + 5*o**2 - 5 - i*o - 3*o**2. Give x(n).
3
Let h = -1641 + 1627. Let a(d) = -d**2 - 14*d - 14. Give a(h).
-14
Let a(o) = -250*o - 5 + 490*o - 244*o. Give a(-4).
11
Let g(h) = 13*h. Let o be g(1). Let a(i) be the first derivative of -i**3/3 + 7*i**2 - 11*i - 47. Let k be a(o). Let j(z) = -z - 2. Calculate j(k).
-4
Let c(i) = -19840 - 22*i + 19840. Calculate c(-1).
22
Let o = 4 - 3. Let a(n) be the second derivative of n**5/5 + n**4/12 - n**2/2 - 64*n. Determine a(o).
4
Let q be (-2)/(-2) - (-5 - 20). Let r = 19 - q. Let y(n) = -2*n - 1. Give y(r).
13
Let z(d) = -10*d + 15. Let g(x) = -3*x + 5. Let l(h) = 3*g(h) - z(h). Let f(y) = -y**3 - y**2 - y - 2. Let u be f(-2). Give l(u).
4
Let a be -6*(8/44 + 15/(-22)). Let d(t) = 5*t - 9 - a*t + 3 - 3*t. Give d(-6).
0
Suppose 3*u = 5*x - 16, -16 = -3*x - 1. Let y(o) = 2*o**2 - 3*o + 4. What is y(u)?
13
Suppose 0 = -r + 2 - 1. Let c(a) = -4 - 2*a + 2 + r - 3. Calculate c(-7).
10
Suppose 5*t - 14 = -2*l, 4*t - t - 14 = -4*l. Let k(j) = -l*j - 6 + j + 4. Suppose 18485*f = 18527*f + 210. Determine k(f).
3
Let w(m) = m**3 - 4*m**2 + 2*m - 2. Let z = -13 + 21. Suppose -z*j = -5*j + 72. Let d be 64/14 - j/(-42). Give w(d).
6
Let r(d) = -2*d**2 + 4*d - 3. Let f = -97 - -179. Suppose -76 + f = 3*b. Determine r(b).
-3
Suppose -4 = -3*i + 2. Suppose l - 2*l + i*o + 8 = 0, -3*l = -3*o - 12. Let k(v) be the second derivative of v**3/6 + 3*v**2 - 2*v + 19. What is k(l)?
6
Let h(s) = s**2 - 7*s + 3. Let v be -2 - (16/(-136) - 336/34). Determine h(v).
11
Suppose -c = 2*j - 11, 2*j - 11 = -5*c + 4. Let o(v) = -v**3 + 5*v**2 + 2*v - 4. Give o(j).
6
Suppose 0 = -n - 3*f, f + 36 = 2*n - 2*f. Let r(a) = a. Give r(n).
12
Suppose 20 = 5*f, -5*m - 74 - 65 = -f. Let r be 6*(-4 + m/(-6)). Let j(v) = v**2 - 4*v + 4. What is j(r)?
1
Let q(o) = -o + 9. Let s be q(4). Let w(y) = 4*y - s - 7*y + 3 + y. Suppose -2*g - 5*h = -1, 4*g + 2*h + 7 = h. What is w(g)?
2
Let b = 111 + -118. Let x(v) = 3*v**3 + 30*v**2 + 14*v + 8. Let m(j) = j**3 + 10*j**2 + 4*j + 3. Let c(y) = b*m(y) + 2*x(y). Give c(-10).
-5
Suppose 0 = 6*s - 92 + 80. Let w(x) = -3*x. Calculate w(s).
-6
Let w(x) = -x**3 - 8*x**2 + 6*x + 38. Let t be w(-8). Let v(o) = o + 1. What is v(t)?
-9
Let h(y) be the third derivative of -y**5/60 - y**4/8 - y**3/6 - y**2. Let d be (-4)/7*(-7)/(-2) + -3. Determine h(d).
-11
Let s(y) = -28*y + 15. Let t(v) = -37*v + 15. Let r(l) = 4*s(l) - 3*t(l). Calculate r(15).
0
Let y be (3/(-80))/(2/8*-18). Let c(t) be the third derivative of 0*t - y*t**6 - 1/24*t**4 + 0 + 0*t**3 - 1/15*t**5 + t**2. Determine c(-2).
-6
Let v(m) be the first derivative of m**5/30 - m**4/12 - 5*m**3/3 + 3. Let q(r) be the third derivative of v(r). Suppose 11 + 4 = 5*t. Give q(t).
10
Suppose 19 = 2*